{"id":475,"date":"2021-04-06T13:34:26","date_gmt":"2021-04-06T13:34:26","guid":{"rendered":"http:\/\/siluteslaidotuviunamai.lt\/?page_id=475"},"modified":"2024-10-15T03:27:54","modified_gmt":"2024-10-15T03:27:54","slug":"palaiku-saugojimas","status":"publish","type":"page","link":"https:\/\/siluteslaidotuviunamai.lt\/?page_id=475","title":{"rendered":"Palaik\u0173 saugojimas"},"content":{"rendered":"\n<p>Best\u00a0<a href=\"https:\/\/www.breitlingreplicas.com\/\">replica Breitling watches<\/a>\u00a0for sale, super fake Breitling watches knockoff online with cheap price wholesale.<\/p>\n\n\n\n<p>Top swiss\u00a0<a href=\"https:\/\/www.platinumwatches.co.uk\/\">replica watches<\/a>\u00a0from platinumwatches.co.uk online for sale.<\/p>\n\n\n\n<p>Shop our extensive range of high-quality\u00a0<a href=\"https:\/\/www.omegaawards.com\/\">Omega replicas<\/a>\u00a0at replicaomega.io.<\/p>\n\n\n<p><strong>Palaik\u0173 saugojimas<\/strong><br \/>\nVisi palaikai i\u0161 mirties vietos yra gabenami specialiu transportu ir saugomi tam skirtuose specializuotose \u0161aldytuvuose \u0161aldytuvuose ir specialiai tam \u012frengtose patalpose. Priklausomai nuo to, kiek laiko pageidaujate saugoti palaikus, bus parinktas specializuotas\u00a0 \u0161aldytuvas trumpam arba ilgam saugojimui.<\/p>","protected":false},"excerpt":{"rendered":"<p>Best\u00a0replica Breitling watches\u00a0for sale, super fake Breitling watches knockoff online with cheap price wholesale. Top swiss\u00a0replica watches\u00a0from platinumwatches.co.uk online for sale. Shop our extensive range of high-quality\u00a0Omega replicas\u00a0at replicaomega.io. Palaik\u0173 saugojimas Visi palaikai i\u0161 mirties vietos yra gabenami specialiu transportu ir saugomi tam skirtuose specializuotose \u0161aldytuvuose \u0161aldytuvuose ir specialiai tam \u012frengtose patalpose. Priklausomai nuo to, &hellip; <\/p>\n<p class=\"link-more\"><a href=\"https:\/\/siluteslaidotuviunamai.lt\/?page_id=475\" class=\"more-link\">Toliau skaityti<span class=\"screen-reader-text\"> &#8222;Palaik\u0173 saugojimas&#8221;<\/span><\/a><\/p>\n","protected":false},"author":1,"featured_media":0,"parent":0,"menu_order":0,"comment_status":"closed","ping_status":"closed","template":"","meta":{"footnotes":""},"class_list":["post-475","page","type-page","status-publish","hentry"],"_links":{"self":[{"href":"https:\/\/siluteslaidotuviunamai.lt\/index.php?rest_route=\/wp\/v2\/pages\/475","targetHints":{"allow":["GET"]}}],"collection":[{"href":"https:\/\/siluteslaidotuviunamai.lt\/index.php?rest_route=\/wp\/v2\/pages"}],"about":[{"href":"https:\/\/siluteslaidotuviunamai.lt\/index.php?rest_route=\/wp\/v2\/types\/page"}],"author":[{"embeddable":true,"href":"https:\/\/siluteslaidotuviunamai.lt\/index.php?rest_route=\/wp\/v2\/users\/1"}],"replies":[{"embeddable":true,"href":"https:\/\/siluteslaidotuviunamai.lt\/index.php?rest_route=%2Fwp%2Fv2%2Fcomments&post=475"}],"version-history":[{"count":2,"href":"https:\/\/siluteslaidotuviunamai.lt\/index.php?rest_route=\/wp\/v2\/pages\/475\/revisions"}],"predecessor-version":[{"id":530,"href":"https:\/\/siluteslaidotuviunamai.lt\/index.php?rest_route=\/wp\/v2\/pages\/475\/revisions\/530"}],"wp:attachment":[{"href":"https:\/\/siluteslaidotuviunamai.lt\/index.php?rest_route=%2Fwp%2Fv2%2Fmedia&parent=475"}],"curies":[{"name":"wp","href":"https:\/\/api.w.org\/{rel}","templated":true}]}}